4*k + 38 = 0. Let i = o + 26. Suppose -i*y + 52 = -58. What is the remainder when 107 is divided by y?
19
Suppose -1087*j + 21376 = -959*j. Let m = -11 - -21. What is the remainder when j is divided by m?
7
Suppose -2*w + 9*w + 7 = 0. Let s be (((-168)/w)/(-2))/(-2). Let l = s + -39. Calculate the remainder when l is divided by 1.
0
Let l = -186 + 340. Suppose -59*n - 141*n + 15873 = 207*n. What is the remainder when l is divided by n?
37
Let t(q) = 240*q**2 + 1393*q + 13. Calculate the remainder when t(-6) is divided by 76.
67
Let a(n) = 111*n - 796. Calculate the remainder when a(12) is divided by 45.
41
Suppose 0 = 130*g - 125*g + t - 70328, 4*t = 2*g - 28162. Calculate the remainder when g is divided by 42.
39
Suppose 13*z - 12*z = 0. Suppose 19*i - 15*i - 564 = z. Suppose 5*w - 89 - i = 0. What is the remainder when 181 is divided by w?
43
Let w(o) = -o**2 - 16*o + 916. What is the remainder when 727 is divided by w(-37)?
32
Let n(f) = 27*f + 5495. What is the remainder when n(-160) is divided by 9?
5
Let i(j) = -j - 10. Let c be 48/(-32)*(-92)/(-6). What is the remainder when 207 is divided by i(c)?
12
Suppose 2326 + 731 = 5*o - 3*i, -4*i + 2420 = 4*o. Suppose 3*f = -2*c + 96, f = -5*c + 13 + 6. What is the remainder when o is divided by f?
31
Let z(h) = -3*h**3 + 3*h**2 + h - 6. Suppose -2*p + 40 = -2*y, 0*p + 3*y - 48 = -3*p. Calculate the remainder when z(-2) is divided by p.
10
Suppose 1224 = 49*f + 10*f + 9*f. What is the remainder when 1778 is divided by f?
14
Let k(q) = 2*q**2 - 7*q - 3*q**2 - 1 + 6. Suppose -3*m - 197*g + 196*g - 18 = 0, -2*m = -g + 17. What is the remainder when 9 is divided by k(m)?
4
Let m(q) = -9*q**2 - 8*q + 36. Let p(l) = 4*l**2 + 4*l - 16. Let b(x) = -6*m(x) - 13*p(x). Calculate the remainder when 171 is divided by b(-2).
3
Calculate the remainder when ((-70)/(-60) + (-29239)/294)*-7 is divided by 193.
109
Let q(f) = f**2 + 2068*f + 79177. Suppose 5*o = -0 + 15. Suppose 0*p = -o*d - 3*p + 60, -4*d - p + 71 = 0. What is the remainder when q(-39) is divided by d?
12
Let d(j) = -j**3 + 12*j**2 - j - 20. Let s be d(13). Let r = 236 + s. Calculate the remainder when 168 is divided by r.
32
Let r(q) = -73*q**3 - 11*q**2 + 11*q + 48. Calculate the remainder when r(-3) is divided by 118.
117
Suppose 0 = -342*y + 349*y - 574. Calculate the remainder when y is divided by 6.
4
Suppose -16*h + 24*h + 8 = 0. What is the remainder when (h/((-28)/80))/((-7)/(-49)) is divided by 9?
2
Let g(r) = 5*r**2 + 266*r + 1302. Calculate the remainder when 557 is divided by g(-5).
72
Let z(i) = -i**3 - 4*i**2 + 2*i + 6. Suppose -42425*l + 42474*l - 3332 = 0. Calculate the remainder when l is divided by z(-5).
5
Suppose -8 = -2*t + 4*t, -t = 2*p - 30. Let q be 24/20*15/9. Suppose 0 = m - i - 89, -3*m + q*i + 342 - 80 = 0. Calculate the remainder when m is divided by p.
16
Let b(f) = -2*f**3 - 6*f**2 - 3*f + 7. Let h = 93 + -97. What is the remainder when b(h) is divided by 18?
15
Let a be (-14)/(-77) + 13/(-11). Calculate the remainder when (-12)/42*a*70 is divided by 7.
6
Suppose -a - 5*z = 3, 4*z = 116*a - 121*a + 6. Calculate the remainder when 80 is divided by a.
0
Let q = -7 + -38. Let d = q - -85. Let m(u) = -u**2 + 4*u + 11. Calculate the remainder when d is divided by m(5).
4
Suppose 3*d = 6*v - 360, 7*v + 321 = 12*v + d. What is the remainder when 203 is divided by v?
14
Suppose 108*o - 110*o + 56 = 0. Suppose -o*a + 3398 = -4554. Calculate the remainder when a is divided by 19.
18
Let n be ((-6)/4)/(6/(-16)). Suppose -2*v - 6 = -n*v + 4*q, 5*q = 2*v - 2. Let b = -67065 + 67107. What is the remainder when b is divided by v?
9
Let x be (-9)/(-5 - -2) + -1. Suppose 641 = -4*z + 2*o + 3*o, 6 = -x*o. Let q = -109 - z. What is the remainder when q is divided by 14?
13
Let d(w) be the second derivative of w**5/20 - 11*w**4/4 + 17*w**2/2 - 7*w. What is the remainder when 31 is divided by d(33)?
14
Suppose 57*f = 5899 + 2594. What is the remainder when 650 is divided by f?
54
Let x be ((-108)/(-10))/(-2*(-1)/10). Let w = x + -74. What is the remainder when 178 is divided by w/6*(-756)/56?
43
Let f be 138/4*(18 + -14). Let j = 146 - f. Calculate the remainder when 134 is divided by j.
6
Suppose -h + 2*r + 650 = 0, -2*h + 2665 = 2*h + 5*r. Calculate the remainder when h is divided by 157.
32
Let t = 149 + -175. Let s = 37 - t. What is the remainder when s is divided by (-4 + 1)*66/(-9)?
19
Let l = -47 + 174. Suppose 0 = -9*x + l - 37. Calculate the remainder when 65 is divided by x.
5
Let n(h) = h**3 - 4*h**2 + 25*h - 20. Suppose -5*u + 34 + 76 = 0. Calculate the remainder when n(3) is divided by u.
2
Let o = 2728 + -2479. What is the remainder when 2976 is divided by o?
237
Let r(b) = -423*b + 4400. Calculate the remainder when 209 is divided by r(10).
39
Calculate the remainder when 334 is divided by (-90)/(-8) + -22 + (-2821)/(-124).
10
Let d = 380 + 145. Calculate the remainder when (-5)/(d/(-98) + 5) is divided by 6.
2
Let y = -1824 + 1885. Let h = 51 + -23. What is the remainder when y is divided by h?
5
Let h(u) = 10*u + 1. Let n(j) = -6003*j + 24042. Calculate the remainder when n(4) is divided by h(1).
8
Suppose 585 = 29*p - 343. What is the remainder when 123 is divided by -1 + 59 + p + -27?
60
Let d = -7 - -11. Suppose 1862 = 4*z - 5*v, 3*z + 2*v - 41 = 1367. Suppose z = t + 459. Calculate the remainder when t is divided by d.
1
Let m(k) = k**2 + 4*k - 39. Let t be m(-9). Let x = 36 - t. What is the remainder when x is divided by 5?
0
Suppose 2*z = -10, -r - r = 5*z - 1293. Suppose 0 = -4*u - 8, r = -3*n + 8*n + 3*u. Calculate the remainder when n is divided by 17.
14
Let d = -21368 + 21376. Let n = -16 - -7. Calculate the remainder when d is divided by (3/(-9))/(1/n).
2
Let x = -182 - -187. Let s(p) = 11*p - 18. What is the remainder when s(x) is divided by 11?
4
Let d(a) = -2*a + 46. Let h = -18 + 21. Let u = 24 + h. Calculate the remainder when u is divided by d(20).
3
Let q(j) = 2*j**2 + 8*j + 9. Let y be 6704/(-64) + (-2)/8. Calculate the remainder when q(-7) is divided by (2/(-8) - y/4) + 1.
24
Let j be (0 + 0 - -6) + -2. Suppose 5*a - b - 29 = 0, -40 = -4*a + 28*b - 30*b. What is the remainder when a is divided by (-114)/(-24) + 1/j?
2
Suppose -48 = -22*r - 2*r. Let m = 12 + -6. Calculate the remainder when (m - 3) + 0 - 0 is divided by r.
1
Suppose 41*x + 105 = 6*x. What is the remainder when (-1)/x + ((-17127)/(-27))/11 is divided by 6?
4
What is the remainder when 10*124 + (-95 - -85) is divided by 137?
134
Let y(j) = 3*j**2 - 66*j + 8. What is the remainder when 1182 is divided by y(0)?
6
Let w(u) = u**2 + 13*u + 16. Let s be w(-13). Suppose 162 = 19*p - s*p. What is the remainder when 160 is divided by p?
52
Suppose 3*r - 35220 = 7*r + 4*u, -2*r - 4*u - 17610 = 0. What is the remainder when ((-2)/(-12) + r/(-90))/2 is divided by 13?
10
Let m = -7225 + 7688. What is the remainder when m is divided by 46?
3
Suppose -2*s = 0, 0*s - 2*s - 27 = -b + 18. Calculate the remainder when 224 is divided by b.
44
Suppose -a + 22 = 5*g, -a + 4*a = -2*g + 14. Suppose t + 1 = g*u - 2, 0 = -3*u. Calculate the remainder when 32 is divided by -1 + (-75)/(-5) + t.
10
Suppose 29 = -u + 32. Suppose -3*a - 12 = -21. Suppose 5*s - 194 = -a*j, -224 = -u*j - 0*j + s. What is the remainder when j is divided by 25?
23
Let n = 804 + -740. Calculate the remainder when n is divided by -3*6/(-27) + 1812/36.
13
Let k(a) = 15*a + 45*a + 344 - 32*a. Calculate the remainder when 2/(-5) + 697/5 is divided by k(-11).
31
Suppose -5*f = -4*t + 91, f + 3 = 4. Suppose -110 = 97*j - 102*j. Suppose -17 = -2*g + q - 1, -j = -2*g + 4*q. What is the remainder when t is divided by g?
3
Suppose -u = 2*s - 148, 18*s - 19*s + 74 = -2*u. Calculate the remainder when 438 is divided by s.
68
Suppose 38*n = 34*n + 16. Suppose 8*g - 324 = -n*g. Calculate the remainder when 104 is divided by g.
23
Calculate the remainder when ((-897)/(-5) + 38/(-95))*1 is divided by 155.
24
Suppose 7*f + 3402 = 19*f - 3*f. What is the remainder when f is divided by 374?
4
Suppose -5*k - 54 = -159. Suppose 3*i - 12 = -2*u + 3*u, -14 = u - 4*i. Let g(z) = -z**3 - 7*z**2 - 23*z + 1. Calculate the remainder when g(u) is divided by k.
19
Suppose 1898 = 39*y - 13*y. Let p = 198 + -191.